, what is -103411 - 234234?
-343200
In base 14, what is a4 - 19448?
-19384
In base 3, what is -1100202120121 - -101?
-1100202120020
In base 11, what is 6060a55 + 5?
6060a5a
In base 10, what is 7 - -7328447?
7328454
In base 12, what is -2 + -235586?
-235588
In base 10, what is -55014 + 188?
-54826
In base 9, what is 18 - -11644110?
11644128
In base 6, what is -12 + -1151002150?
-1151002202
In base 9, what is -814457 + -224?
-814682
In base 8, what is -2574222 - 0?
-2574222
In base 11, what is 433455a + -12?
4334548
In base 6, what is 22110 + 325?
22435
In base 14, what is 1 + -291081b?
-291081a
In base 12, what is 15715 - a49?
14888
In base 8, what is -15367223 + 5?
-15367216
In base 9, what is -108511 - -15?
-108485
In base 2, what is -101010011 - 1001001001010?
-1001110011101
In base 16, what is -6ddd + 8f?
-6d4e
In base 15, what is 2 - 3117514?
-3117512
In base 11, what is -6 - -2a7504?
2a74a9
In base 9, what is -2266 + 35221?
32844
In base 14, what is -6 - 252d628?
-252d630
In base 11, what is 729354 + -2?
729352
In base 15, what is -a + 57de80b?
57de801
In base 12, what is -2b7 - -253ba?
25103
In base 11, what is -16320 + 6744?
-a687
In base 16, what is -1159c2 + 121?
-1158a1
In base 14, what is -6c907 + 36?
-6c8b1
In base 3, what is 1211211001 - 102102221?
1102101010
In base 10, what is 0 + -23218941?
-23218941
In base 13, what is 175cc5 + 80?
176075
In base 10, what is -5 - 4618484?
-4618489
In base 14, what is -5 - 4201a9?
-4201b0
In base 8, what is 270472 + 5401?
276073
In base 16, what is 1a3c6 + 80?
1a446
In base 3, what is 11 - 11010220000101?
-11010220000020
In base 16, what is 60e0f29 - 2?
60e0f27
In base 15, what is 58b5eb - 0?
58b5eb
In base 2, what is 111 - 11000000100110101010010000?
-11000000100110101010001001
In base 9, what is -68106050 - -8?
-68106041
In base 14, what is -732 - 1c10?
-2542
In base 14, what is -69863b8 + -1?
-69863b9
In base 3, what is 10100121 + 220121010?
1000221201
In base 16, what is -2 - 28e40?
-28e42
In base 15, what is -1155e4 - a2c?
-116121
In base 16, what is 30b02 - -154?
30c56
In base 5, what is 24 - -40244232032?
40244232111
In base 6, what is -2 + 40403435032?
40403435030
In base 7, what is 16614 + -123651?
-104034
In base 15, what is -1 - -298e67?
298e66
In base 15, what is 1 - 52d086?
-52d085
In base 15, what is -18 - -6205e?
62046
In base 6, what is -2 + 44321242120?
44321242114
In base 14, what is -303b4 - -28?
-3038a
In base 8, what is 100755770 - -5?
100755775
In base 11, what is 9495570 - -5?
9495575
In base 15, what is -5895 - -529?
-536b
In base 16, what is 5 - -6f0e60?
6f0e65
In base 9, what is 107732 + -11403?
86328
In base 7, what is 2 - 113541524?
-113541522
In base 8, what is -1713732460 + -1?
-1713732461
In base 2, what is 10111 - 10100101100010?
-10100101001011
In base 15, what is -112cede + -9?
-112cee8
In base 16, what is 6f130b + -1?
6f130a
In base 3, what is -102110000221 - -1022210?
-102101201011
In base 7, what is -32212 + -101656?
-134201
In base 3, what is -2122120022100002 + 10?
-2122120022022222
In base 10, what is 290916678 + 1?
290916679
In base 14, what is -653 - 10611?
-10c64
In base 15, what is 16915 + -38b?
16579
In base 11, what is 60292a + 23?
602952
In base 9, what is 104867 - -1066?
106044
In base 9, what is 17 + -210017?
-210000
In base 2, what is -1001101101011000100110001011 - -10?
-1001101101011000100110001001
In base 15, what is 52325 - 17?
5230d
In base 11, what is -13 - -10822a85?
10822a72
In base 6, what is 15 + -5440233?
-5440214
In base 7, what is 1215 - -1234526?
1236044
In base 11, what is 3 + -14729106?
-14729103
In base 8, what is -72400 + -107?
-72507
In base 16, what is -6b105 - 16c?
-6b271
In base 15, what is -192 + 11888c?
1186ea
In base 15, what is 49ddda4 - 1?
49ddda3
In base 15, what is 5 + adb56?
adb5b
In base 14, what is 6c7 - 67c?
49
In base 5, what is -33 + 314024400?
314024312
In base 9, what is 205 + 2081514?
2081720
In base 13, what is -3398 + b32?
-2566
In base 11, what is 7654 - -1912?
9466
In base 10, what is -9367 - -470?
-8897
In base 3, what is -212220 - 21000120?
-21220110
In base 4, what is 133 + 221213321?
221220120
In base 9, what is -5 - -4420232?
4420226
In base 4, what is 212103321 + -32330?
212010331
In base 7, what is -41 - 605312?
-605353
In base 10, what is -19282 + -65?
-19347
In base 16, what is 0 + -7ee954e?
-7ee954e
In base 2, what is -110 + 10110000110010111100111?
10110000110010111100001
In base 14, what is a320 - 13c?
a1c2
In base 2, what is 1010000100101011101001111100 - 11?
1010000100101011101001111001
In base 9, what is 240 - -18054?
18304
In base 8, what is -26425 + -562?
-27207
In base 2, what is -1000010011 - 1110011010111?
-1111011101010
In base 7, what is 2001 + 210122?
212123
In base 2, what is -101010 - 1100101001111000001000?
-1100101001111000110010
In base 10, what is 0 + -6895510?
-6895510
In base 10, what is 4 - 66609411?
-66609407
In base 10, what is -1302458 - -119?
-1302339
In base 7, what is 150650605 + 5?
150650613
In base 9, what is -43616333 - -7?
-43616325
In base 4, what is -10103 + -2233121?
-2303230
In base 16, what is 2dd - -69f97?
6a274
In base 11, what is 263793a + -3?
2637937
In base 10, what is 36282238 + -4?
36282234
In base 4, what is 0 + 32211113232?
32211113232
In base 2, what is 1010111101101001100 - 100?
1010111101101001000
In base 6, what is -2340450 - -2204?
-2334242
In base 8, what is 40767033 + -4?
40767027
In base 12, what is -1782197 - -4?
-1782193
In base 9, what is 517 + -7080?
-6462
In base 8, what is -12305 + 5443?
-4642
In base 2, what is -11011101000111 - -1001110010000?
-10001110110111
In base 8, what is -30331544 - 17?
-30331563
In base 12, what is -8 + 28b0185?
28b0179
In base 16, what is 261fb - 376?
25e85
In base 10, what is 490492 + 1327?
491819
In base 2, what is 100 + 1101110001001110010001?
1101110001001110010101
In base 3, what is 22200112 + -1100200?
21022212
In base 4, what is -11211 + 132203323?
132132112
In base 12, what is 1a742a07 + -12?
1a7429b5
In base 10, what is -90912 + -138?
-91050
In base 16, what is 2774deb - -4?
2774def
In base 16, what is d2 - -153aad?
153b7f
In base 11, what is -310 - -331151?
330941
In base 14, what is 232b1 + 9d?
23370
In base 3, what is -20120 - -12101010110?
12100212220
In base 12, what is -68135b97 - -7?
-68135b90
In base 13, what is 1391cb - -19b?
139399
In base 3, what is -1122022221 + -1211121?
-1201011112
In base 4, what is 0 - -22230203330?
22230203330
In base 4, what is 21 + 3020011210?
3020011231
In base 15, what is a + 31c8e6?
31c901
In base 14, what is 0 + -2d5d10?
-2d5d10
In base 15, what is 3e7c5 - -44?
3e819
In base 16, what is -4 - -9d54d0?
9d54cc
In base 10, what is -2938 - -136727?
133789
In base 2, what is -11010110010001100000110 + 10?
-11010110010001100000100
In base 3, what is -12002121 - -2110022?
-2122022
In base 13, what is -7974bc + 30?
-79748c
In base 13, what is -22 + -b0ac64?
-b0ac86
In base 4, what is -1003313121 - 231?
-1003320012
In base 6, what is -124450201025 + -5?
-124450201034
In base 13, what is -93c7 + -6193?
-1258a
In base 2, what is -10000001110000110001111 - 1?
-10000001110000110010000
In base 16, what is -1c18 + a3?
-1b75
In base 7, what is -3502134026 + -2?
-3502134031
In base 16, what is -6349c + -2f6?
-63792
In base 5, what is 11221401 - -2102?
11224003
In base 3, what is 10111200210211 - -11200?
10111200222111
In base 2, what is -101 + 101000101110011110100100111?
101000101110011110100100010
In base 8, what is -33362535 - -5?
-33362530
In base 8, what is -162275 - 1064?
-163361
In base 10, what is 20273 + -27211?
-6938
In base 5, what is -143210240222 - 0?
-143210240222
In base 15, what is 1b93c + 11?
1b94d
In base 14, what is -345bab + 7?
-345ba4
In base 4, what is 302 - 32122223?
-32121321
In base 5, what is -410201 - -301203?
-103443
In base 9, what is 37038440 - 33?
37038406
In base 12, what is 384b71 + -3?
384b6a
In base 8, what is 23101543 - -3?
23101546
In base 14, what is -3477b7c0 - 3?
-3477b7c3
In base 16, what is -8cda32 - -1?
-8cda31
In base 7, what is -3 - -42154062?
42154056
In base 12, what is 55 + -206a56a?
-206a515
In base 16, what is d0 - 1d42a8?
-1d41d8
In base 16, what is -6c7c - 4d?
-6cc9
In base 4, what is -21 - 231013330?
-231020011
In base 1